 3*c - 2. Let b(g) = -3*r(g) + 2*y(g). Suppose 0 = -l - 2*s + 10, 0*l + 4*l - 35 = -3*s. Let f = 1 - l. What is b(f)?
-7
Let l(x) = -5*x**3 + 4*x**2 - x + 5. Let a(o) = -4*o**3 + 5*o**2 - o + 4. Let z(i) = -6*a(i) + 5*l(i). Let n = -60 - -50. Determine z(n).
-9
Suppose 7*a - 2*f = 4*a + 22, 0 = -2*a + 5*f. Let b(g) = g. Determine b(a).
10
Let k = -17 + 10. Let y(l) = 2*l - 3*l - 51 - 8 + 26 + 23. Determine y(k).
-3
Let r(j) = -10*j + 58. Let f be r(6). Let a(h) = -h**3 + 3*h**2 + 3*h + 3. Calculate a(f).
17
Let i(s) = -s**2 - 9*s - 8. Let o be i(-6). Suppose o = 2*a + 3*a. Let u(r) = -163*r**2 + 2*r**3 + 2*r - 22*r**2 + 181*r**2 + 2. Calculate u(a).
6
Let r(c) = -c + 8. Let b(k) = k**3 - 3*k**2 - 4*k + 14. Let w be b(2). Calculate r(w).
6
Let d(a) = -2*a**2 - a + 4. Let u(w) = w - 2. Suppose -b + 4 = -0. Let k be u(b). Suppose -k*c = 2*c + 12. Calculate d(c).
-11
Let t(p) = -p**2 + 4*p - 1. Suppose 0 = -2*a - 3*a + 20. Let s be t(a). Let h(l) = 5*l**3 - 2*l**2 - 2*l - 1. What is h(s)?
-6
Let p(k) = -k - 3. Suppose 0 = -4*n + 2 + 6. Suppose -3*b - b = 5*a + 70, n*a - 4*b + 28 = 0. Let w(m) = -m**2 - 13*m + 17. Let q be w(a). Calculate p(q).
-6
Let b = 85 + -94. Let w(l) = 7*l**2 - 20*l - 5. Let d(j) = -3*j**2 + 10*j + 2. Let y(v) = -9*d(v) - 4*w(v). Determine y(b).
11
Let m(h) be the second derivative of -2*h**3/3 - h**2/2 - 2*h. Let b(o) = o**2 - 4*o + 4. Let g be b(3). Let z be (-1)/2*(1 + g). Calculate m(z).
3
Let o be ((-2)/3)/(4/6). Let q(s) = -s**2 + 7*s + 6. Let c(l) = -l**2 + 1. Let x(z) = o*q(z) + 2*c(z). Let v be ((-98)/70)/(2/10). What is x(v)?
-4
Let v(u) be the second derivative of 0 + 5/6*u**3 - 3*u**2 - 18*u. What is v(5)?
19
Suppose 31 = 4*g + w - 26, g + 2*w = 16. Let s be g/3 - (-6)/(-9). Suppose s + 1 = -5*d. Let j(o) = -o**2 - o. Calculate j(d).
0
Let u(n) = 0 + n**2 + 0 - 3*n - 1 - 11*n**2 + 9*n**2. Give u(-4).
-5
Let k(o) = -19*o**2 + 2*o + 1. Let m be (-5)/20 - 162/(-8). Let g = -21 + m. Calculate k(g).
-20
Let n(v) = -42*v**2 + 6*v + 83. Let g(z) = 8*z**2 - z - 15. Let b(y) = -11*g(y) - 2*n(y). Determine b(3).
-40
Let v(c) = c**2 - 6*c + 2. Suppose -l + 3*q - 3 = 29, l + 28 = 5*q. Let o = 63 + l. Let j = o - 21. Calculate v(j).
-6
Suppose -4*w = -4*c - 24, w - 6*w = -c - 38. Let n(j) = -4 - w*j**2 + 3*j**2 + 6*j**2 + j. Determine n(-3).
2
Let x(d) = 7*d**3 + 14*d**2 + 16*d + 9. Let n(c) = 12*c**3 + 28*c**2 + 31*c + 16. Let f(p) = -3*n(p) + 5*x(p). Calculate f(-13).
-3
Let s(m) be the second derivative of -1/2*m**3 - 17*m + 1/12*m**4 + 0 + 2*m**2. Let h = 4 - 1. Calculate s(h).
4
Let a(s) = 2*s**2 + 8*s. Let u be (-34)/(-85) + (-22)/5. Give a(u).
0
Let l(t) be the third derivative of -t**6/30 - t**5/30 + t**3/6 - t**2. Suppose 4 = 3*h - 2. Suppose h*f = -2*v + 4, 4*f + 3*v = 2*v - 1. What is l(f)?
3
Let v(a) be the first derivative of -a**3/3 + a**2 - a - 263. Determine v(3).
-4
Let a(u) be the second derivative of u**7/840 - u**6/180 - u**5/40 + u**4/8 - 4*u**3/3 + 15*u. Let l(h) be the second derivative of a(h). Determine l(3).
3
Let d(y) be the second derivative of -y**5/20 - y**4/2 + y**3/6 - y. Let m(w) = 3*w**2 - 6*w - 1. Let o be m(3). Suppose 12*j - o*j = -24. Calculate d(j).
-6
Let s(d) = -2*d**2 + 6*d + 1. Let q(k) = -k**2 - k. Suppose -2*f + 12 = f. Let o(c) = f*q(c) + s(c). Calculate o(-1).
-7
Suppose -8*k + 6*k = -8. Let l be k*(-1 + (-3)/(-2)). Let b(w) = 0*w**2 - 5 + 3*w + w**3 + 4 - 2 - 4*w**l. Give b(3).
-3
Suppose -2*c = 3*j - 22, 0 = 3*c + 4*j - 17 - 14. Let o(s) = s**2 - s - 1. Give o(c).
19
Let m(x) = -x + 3. Let c(r) = -4*r + 16. Let n(z) = -2*c(z) + 11*m(z). Let u be 32/24 + (-7)/(105/(-10)). What is n(u)?
-5
Suppose -2*i - 5 = 5. Suppose -3 = -3*m - 5*c, 3*c - 9 = 6*c. Let g(f) = -13*f**2 + 4*f - m*f**2 - 3*f**2 + 23*f**2. What is g(i)?
5
Let u(p) = -6*p**2 - 2*p. Let y(b) = -3*b**2 + 10*b - 4. Let v be y(3). Determine u(v).
-4
Let s(o) = -o + 6. Let u be s(0). Let v(y) be the second derivative of y**4/12 - y**3 + y**2/2 - 1477*y. Give v(u).
1
Let g(n) = n**3 + 13*n**2 - 2*n - 17. Suppose -3*i + 61 = -4*u, -23*i = u - 20*i + 4. What is g(u)?
9
Let q(c) = -6*c**2 - 2 + c**3 - 6*c + 5*c + 2*c**2 - c. Determine q(4).
-10
Let s(c) be the first derivative of c**3/3 - 11*c**2/2 - 16*c - 322. Give s(11).
-16
Let f(w) = 2*w**3 + 21*w**2 - 10*w + 14. Let n be f(-11). Suppose 27 = 6*v + n*v. Let t(c) = -2*c**2 + 6*c**2 + 2*c - 5*c**2 + 3. Give t(v).
0
Suppose 7*q = 67 - 18. Let v(m) = -2*m + 6. Let k(n) = -2*n + 6. Let j(z) = -4*k(z) + 3*v(z). Calculate j(q).
8
Let i = 117 + -112. Let l(y) = y - 3. Let d be l(6). Suppose -5*w + 5 = -i, -o = -d*w + 11. Let q(f) = -3*f - 4. Calculate q(o).
11
Let z(s) = -s - 11. Suppose -2*y - 13 = -k, 4*y - 6*y = 4*k - 22. Suppose 4*t + k + 34 = 3*i, -2*t - 5*i = 27. Give z(t).
0
Let v(l) be the third derivative of l**6/120 + l**5/60 - l**4/12 - l**3/6 - 333*l**2. Calculate v(0).
-1
Suppose -16 = -3*g - 4. Suppose -2*t = -2*k - 10, g = t + k + 5. Let b(l) = -l**2 + l. Let z(f) = 4*f**2 - 4*f + 3. Let y(w) = -b(w) - z(w). Determine y(t).
-9
Suppose -7*g + 11*g = 4*k - 12, 3*g + 5 = -k. Let d(m) = 4*m**2 + 4*m + 4. Let z(p) = p**2 + 1. Let t(s) = k*d(s) - 6*z(s). Determine t(2).
-2
Let x(f) = -5*f**2 + 11*f + 10. Let j be x(-1). Let g(h) = -h**3 - 7*h**2 - 5*h + 8. Calculate g(j).
2
Let j(t) = 2*t + 298. Let q be j(-155). Let k(u) = 5*u**2 + 13*u + 10 + u**3 + 6*u**2 + 2*u**2. Give k(q).
-2
Let f(g) be the third derivative of g**5/24 - g**4/24 - g**3/3 + g**2. Let j(r) be the first derivative of f(r). Let o = 19 + -18. What is j(o)?
4
Suppose 0*a + 4*a = 8. Let u(j) be the first derivative of j**3/6 + j**2/2 + 13*j + 13. Let v(z) be the first derivative of u(z). What is v(a)?
3
Let z(w) be the second derivative of w**4/12 - 5*w**3/6 - 5*w**2/2 + 2*w. Let b = -20 + 25. Suppose 4*q = 3*p + b, -3*q - 2*p + 5 = -4*p. Determine z(q).
-5
Let a(g) = -g**3 - 9*g**2 + 4*g + 29. Suppose -3*f = 35 - 8. Calculate a(f).
-7
Let t(s) = -s**3 - 8*s**2 - 14*s - 9. Suppose -7*j + 8*j + 2*w - 4 = 0, j + 26 = 4*w. Determine t(j).
3
Let c = 386 - 344. Let q(l) = -2*l**2 + 2*l + 5. Let o be q(-4). Let m = o + c. Let b(s) = -2*s + 4. What is b(m)?
-10
Let v(w) = w**2 - 1. Let r(k) = -k**3 - 8*k**2 - 18*k - 6. Let m(l) = -r(l) + 2*v(l). Determine m(-8).
-12
Let o(u) = -1 + 2*u**2 + 24*u**3 - 18*u**3 - 20*u**3. What is o(-1)?
15
Let w(k) = -81*k - k**2 - 2*k**2 + 3 - 4 + 80*k. Suppose 1 = 3*p + h, -4*p - 5*h + 23 - 7 = 0. Give w(p).
-3
Suppose -3*p + 5*u + 27 = 0, -p + 5 = -3*u - 8. Suppose p*k = k. Let h be 4 + k - 6/(-3). Let b(s) = -s**2 + 6*s - 3. What is b(h)?
-3
Let w(d) = -d - 14. Let p be w(-11). Let i(o) = -o**2 - 1. Let z(n) be the first derivative of -n**2/2 - n - 6. Let h(u) = -i(u) - 2*z(u). Determine h(p).
6
Suppose -3*a = 21 + 6. Let w(m) = 3*m + 27. Let g be w(a). Let y(b) be the first derivative of -b**2/2 - 2*b - 1. Calculate y(g).
-2
Suppose 0 = 3*r - 7 - 11. Let t = -1 + r. Let s(o) = 15 + 10 + o**2 - 31 + 10 - 5*o. Give s(t).
4
Let x = -4 - -3. Let c(z) be the third derivative of z**4/8 - 11*z**3/6 - z**2. Let w(m) = 2*m - 5. Let q(o) = 6*c(o) - 13*w(o). What is q(x)?
7
Let o(p) be the third derivative of 0 - 1/6*p**3 + 1/6*p**4 + 0*p + 1/60*p**5 - p**2. Let j be (-3)/15 - (-552)/(-115). What is o(j)?
4
Suppose -46 = -2*l - 48. Let v(y) = 12*y**2 - 3*y - 4. What is v(l)?
11
Let f be (12/(-5))/(10/(-25)). Suppose -2*c = 5*b + c - 1, 3*b = c + 9. Let k(q) = -1 - 6 - 5*q - q**3 + 3*q**b + q**2 + 3*q**2. Calculate k(f).
-1
Let k be 4/((-8)/(2 - 4)). Let d(b) = -2*b + 3. Let m(t) = t + 1. Let j(y) = -8*y + 7. Let c(h) = j(h) + 3*m(h). Let n(q) = 2*c(q) - 7*d(q). What is n(k)?
3
Let m(a) be the second derivative of 21*a**5/20 + a**4/12 + 4*a - 47. Give m(1).
22
Let h = -20 - -28. Let b = h + 3. Let a = b - 10. Let o(x) = -x**3 - x**2 - x + 1. What is o(a)?
-2
Let m be (-16)/(-3) + 2/(-6). Suppose m*c - 6 = -26. Let a(j) = -5*j + 59 + 6*j**2 - 2*j**2 + j**3 - 63. Determine a(c).
16
Let l be (-10 - 108/(-11))/(4/(-22)). Let w(s) = -2*s - s + 5*s - 1. Determine w(l).
1
Let n(x) = -x**2 + 2*x - 3. Suppose 4*m - j = -14, 0*m = m + j + 1. What is n(m)?
-18
Let y(h) = h + 2. Let i(f) = -f - 3. Let c(n) = 5*i(n) + 4*y(n). Determine c(4).
-11
Let r(d) = 23*d - 3 - 7*d - 13*d + d**2. Let u(h)